59736281.
17, 91749193
List the prime factors of 574749322.
2, 7, 149, 5623
What are the prime factors of 3709540256?
2, 3769, 30757
What are the prime factors of 223812060?
2, 3, 5, 3730201
What are the prime factors of 3834406428?
2, 3, 41, 7793509
List the prime factors of 465816044.
2, 31, 3756581
What are the prime factors of 224125902?
2, 3, 7, 11, 13, 1777
List the prime factors of 125952521.
73, 523, 3299
List the prime factors of 365060155.
5, 73012031
List the prime factors of 204135977.
509, 401053
List the prime factors of 3158124075.
3, 5, 14036107
What are the prime factors of 196785281?
7, 11, 41, 83, 751
List the prime factors of 2179838705.
5, 11, 79, 367, 1367
List the prime factors of 57103264.
2, 127, 14051
What are the prime factors of 3377344933?
17, 97, 2048117
What are the prime factors of 526554194?
2, 227, 1159811
List the prime factors of 2120099838.
2, 3, 19, 18597367
List the prime factors of 44385934.
2, 71, 241, 1297
What are the prime factors of 1587479?
31, 41, 1249
List the prime factors of 1241190317.
1241190317
List the prime factors of 2300379468.
2, 3, 47, 4078687
What are the prime factors of 7015556689?
42193, 166273
What are the prime factors of 27605112?
2, 3, 1150213
List the prime factors of 72234163.
7417, 9739
List the prime factors of 31814674.
2, 71, 224047
What are the prime factors of 50220653?
7, 89, 80611
What are the prime factors of 1597957003?
59, 27084017
What are the prime factors of 85895621?
7, 83, 163, 907
What are the prime factors of 243453669?
3, 19, 4271117
What are the prime factors of 11424243?
3, 47, 81023
What are the prime factors of 3408324345?
3, 5, 23, 541, 2029
What are the prime factors of 450955226?
2, 17, 79, 167891
List the prime factors of 516397947.
3, 13, 13240973
List the prime factors of 426207907.
426207907
What are the prime factors of 567824062?
2, 13, 67, 71, 4591
What are the prime factors of 39536981?
11, 281, 12791
List the prime factors of 612186993.
3, 11, 227, 27241
What are the prime factors of 3357689165?
5, 29, 47, 131, 3761
List the prime factors of 58183707.
3, 17, 431, 2647
What are the prime factors of 24306651?
3, 17, 158867
What are the prime factors of 102417625?
5, 751, 1091
List the prime factors of 489882531.
3, 43, 3797539
List the prime factors of 72017068.
2, 19, 97, 9769
List the prime factors of 984159119.
984159119
What are the prime factors of 3954548654?
2, 7, 23, 12281207
What are the prime factors of 2485039354?
2, 7, 1657, 107123
What are the prime factors of 2950890171?
3, 19, 41, 66457
What are the prime factors of 97969978?
2, 1453, 33713
What are the prime factors of 212881969?
83, 2564843
What are the prime factors of 1074353175?
3, 5, 7, 13921
What are the prime factors of 14537154?
2, 3, 61, 39719
List the prime factors of 273851735.
5, 43, 1273729
List the prime factors of 74443746.
2, 3, 13, 421, 2267
What are the prime factors of 303285159?
3, 41, 821911
List the prime factors of 4332908831.
797, 877, 6199
List the prime factors of 5027544846.
2, 3, 31, 271, 33247
What are the prime factors of 954609936?
2, 3, 7, 29, 313
List the prime factors of 75806919.
3, 23, 366217
List the prime factors of 34952309.
7, 37, 134951
List the prime factors of 47396877.
3, 11, 1436269
What are the prime factors of 815882233?
293, 2784581
What are the prime factors of 48755722?
2, 23, 43, 157
What are the prime factors of 748636491?
3, 3449, 72353
What are the prime factors of 575237105?
5, 8429, 13649
What are the prime factors of 96980679?
3, 31, 109, 1063
List the prime factors of 31255861.
7, 13, 37, 9283
List the prime factors of 2162628534.
2, 3, 11, 3209, 10211
List the prime factors of 1266794380.
2, 5, 6899, 9181
List the prime factors of 20989192.
2, 7, 374807
What are the prime factors of 1658698654?
2, 269, 3083083
What are the prime factors of 384520359?
3, 4483, 28591
List the prime factors of 252658397.
252658397
What are the prime factors of 318762693?
3, 29, 131, 9323
What are the prime factors of 35467638?
2, 3, 29, 103, 1979
List the prime factors of 7681810113.
3, 211, 613, 6599
What are the prime factors of 634411216?
2, 19, 2086879
What are the prime factors of 166680180?
2, 3, 5, 31, 3319
List the prime factors of 333584387.
17, 19, 23, 83, 541
What are the prime factors of 58428802?
2, 47, 621583
What are the prime factors of 74680539?
3, 29, 858397
List the prime factors of 2662522612.
2, 179, 3718607
List the prime factors of 3198173195.
5, 7, 17, 19, 79, 3581
List the prime factors of 138514013.
11, 12592183
List the prime factors of 2165099881.
7, 37, 8359459
List the prime factors of 39487625.
5, 103, 3067
What are the prime factors of 1676306293?
19, 79, 197, 5669
List the prime factors of 318206055.
3, 5, 101, 210037
What are the prime factors of 327866503?
101, 3246203
List the prime factors of 1745188123.
7, 14887, 16747
List the prime factors of 2891592805.
5, 19, 30437819
What are the prime factors of 50510142?
2, 3, 311791
What are the prime factors of 2631592527?
3, 127, 2339, 2953
What are the prime factors of 64408850?
2, 5, 11, 181, 647
What are the prime factors of 3790953480?
2, 3, 5, 41, 770519
What are the prime factors of 132154949?
167, 791347
List the prime factors of 1116535951.
26557, 42043
What are the prime factors of 58257999?
3, 2311, 2801
List the prime factors of 1870430435.
5, 4447, 84121
List the prime factors of 1306756523.
23, 5791, 9811
What are the prime factors of 1608083910?
2, 3, 5, 17867599
List the prime factors of 1691004028.
2, 7, 19, 673, 4723
What are the prime factors of 38828020?
2, 5, 7, 11, 19, 1327
List the prime factors of 3575215047.
3, 19, 41, 1529831
What are the prime factors of 323423749?
11, 29402159
List the prime factors of 1160180306.
2, 23, 127, 198593
List the prime factors of 57750249.
3, 19250083
What are the prime factors of 21583673?
21583673
What are the prime factors of 20969570?
2, 5, 2096957
List the prime factors of 560722736.
2, 7, 61, 82073
What are the prime factors of 269823879?
3, 13, 23, 857
What are the prime factors of 162277593?
3, 54092531
What are the prime factors of 357724154?
2, 178862077
List the prime factors of 49334467.
7, 13, 53, 193
What are the prime factors of 709195930?
2, 5, 59, 1202027
List the prime factors of 2725908944.
2, 11, 41, 113, 3343
What are the prime factors of 60043799?
107, 281, 1997
List the prime factors of 3076271799.
3, 1025423933
List the prime factors of 290896680.
2, 3, 5, 29, 83591
List the prime factors of 862011743.
97, 1171, 7589
What are the prime factors of 6295167611?
6295167611
What are the prime factors of 1758570214?
2, 577, 1523891
List the prime factors of 83414897.
83414897
List the prime factors of 28428452.
2, 13, 211, 2591
What are the prime factors of 419999768?
2, 52499971
What are the prime factors of 34621163?
17, 2036539
What are the prime factors of 32111230?
2, 5, 3211123
What are the prime factors of 6839920452?
2, 3, 13183, 43237
What are the prime factors of 4334616480?
2, 3, 5, 17, 531203
What are the prime factors of 52187183?
52187183
What are the prime factors of 411692532?
2, 3, 19, 421, 4289
List the prime factors of 30034587.
3, 11, 910139
What are the prime factors of 69813654?
2, 3, 11635609
List the prime factors of 539510359.
12919, 41761
What are the prime factors of 8005934?
2, 131, 30557
What are the prime factors of 232384514?
2, 2539, 45763
What are the prime factors of 96826448?
2, 6051653
List the prime factors of 285732304.
2, 11, 13, 11353
List the prime factors of 18217698.
2, 3, 3036283
List the prime factors of 94656053.
7817, 12109
List the prime factors of 230428579.
751, 306829
What are the prime factors of 78857228?
2, 73, 270059
What are the prime factors of 48128941?
7, 2203, 3121
What are the prime factors of 1161721951?
13, 71, 1258637
What are the prime factors of 3056814734?
2, 19, 107, 751799
List the prime factors of 898598018.
2, 449299009
List the prime factors of 59060001.
3, 7, 11, 13, 71, 277
List the prime factors of 113061023.
83, 1362181
List the prime factors of 59814970.
2, 5, 463, 12919
List the prime factors of 68974523.
419, 164617
What are the prime factors of 482536253?
5197, 92849
What are the prime factors of 159753